of 3658?
2, 31, 59
What are the prime factors of 3769?
3769
List the prime factors of 6896.
2, 431
List the prime factors of 91443.
3, 11, 17, 163
What are the prime factors of 10288?
2, 643
What are the prime factors of 79585?
5, 11, 1447
What are the prime factors of 1142?
2, 571
What are the prime factors of 132487?
19, 367
List the prime factors of 28196.
2, 7, 19, 53
List the prime factors of 71534.
2, 47, 761
List the prime factors of 18822.
2, 3, 3137
What are the prime factors of 2481?
3, 827
List the prime factors of 2314.
2, 13, 89
List the prime factors of 72012.
2, 3, 17, 353
What are the prime factors of 197?
197
What are the prime factors of 11311?
11311
List the prime factors of 4359.
3, 1453
What are the prime factors of 107?
107
What are the prime factors of 6662?
2, 3331
What are the prime factors of 46142?
2, 23071
List the prime factors of 1420.
2, 5, 71
What are the prime factors of 146844?
2, 3, 4079
What are the prime factors of 1406?
2, 19, 37
What are the prime factors of 398?
2, 199
What are the prime factors of 181069?
7, 25867
List the prime factors of 595.
5, 7, 17
What are the prime factors of 38944?
2, 1217
List the prime factors of 1916.
2, 479
List the prime factors of 1569.
3, 523
What are the prime factors of 32639?
127, 257
What are the prime factors of 465?
3, 5, 31
What are the prime factors of 3893?
17, 229
List the prime factors of 2113.
2113
What are the prime factors of 3240?
2, 3, 5
List the prime factors of 11945.
5, 2389
What are the prime factors of 62359?
11, 5669
List the prime factors of 676.
2, 13
List the prime factors of 368.
2, 23
List the prime factors of 44414.
2, 53, 419
List the prime factors of 182380.
2, 5, 11, 829
What are the prime factors of 783?
3, 29
List the prime factors of 14064.
2, 3, 293
What are the prime factors of 199197?
3, 22133
What are the prime factors of 9639?
3, 7, 17
List the prime factors of 16525.
5, 661
List the prime factors of 3.
3
List the prime factors of 4153.
4153
List the prime factors of 91637.
7, 13, 19, 53
List the prime factors of 420.
2, 3, 5, 7
List the prime factors of 800.
2, 5
List the prime factors of 1263.
3, 421
What are the prime factors of 919?
919
What are the prime factors of 3607?
3607
List the prime factors of 4216.
2, 17, 31
List the prime factors of 20112.
2, 3, 419
List the prime factors of 6184.
2, 773
List the prime factors of 2666.
2, 31, 43
What are the prime factors of 80562?
2, 3, 29, 463
What are the prime factors of 108481?
83, 1307
What are the prime factors of 77836?
2, 11, 29, 61
What are the prime factors of 887?
887
List the prime factors of 58309.
58309
List the prime factors of 8221.
8221
What are the prime factors of 3306?
2, 3, 19, 29
List the prime factors of 8743.
7, 1249
List the prime factors of 25882.
2, 12941
List the prime factors of 1599.
3, 13, 41
What are the prime factors of 1125?
3, 5
What are the prime factors of 129?
3, 43
List the prime factors of 102.
2, 3, 17
What are the prime factors of 37668?
2, 3, 43, 73
What are the prime factors of 5714?
2, 2857
What are the prime factors of 20450?
2, 5, 409
What are the prime factors of 9124?
2, 2281
What are the prime factors of 631?
631
List the prime factors of 17378.
2, 8689
List the prime factors of 61033.
7, 8719
List the prime factors of 4735.
5, 947
What are the prime factors of 5631?
3, 1877
What are the prime factors of 25231?
23, 1097
What are the prime factors of 17545?
5, 11, 29
List the prime factors of 3317.
31, 107
List the prime factors of 32593.
11, 2963
What are the prime factors of 1966?
2, 983
List the prime factors of 700.
2, 5, 7
What are the prime factors of 65?
5, 13
What are the prime factors of 1252?
2, 313
List the prime factors of 3000.
2, 3, 5
What are the prime factors of 2380?
2, 5, 7, 17
What are the prime factors of 59410?
2, 5, 13, 457
What are the prime factors of 7455?
3, 5, 7, 71
What are the prime factors of 966?
2, 3, 7, 23
List the prime factors of 964.
2, 241
What are the prime factors of 26456?
2, 3307
What are the prime factors of 26546?
2, 13, 1021
List the prime factors of 473.
11, 43
What are the prime factors of 54601?
54601
What are the prime factors of 1065?
3, 5, 71
What are the prime factors of 6988?
2, 1747
What are the prime factors of 56429?
73, 773
List the prime factors of 1281.
3, 7, 61
What are the prime factors of 1456?
2, 7, 13
What are the prime factors of 10728?
2, 3, 149
What are the prime factors of 543?
3, 181
What are the prime factors of 10686?
2, 3, 13, 137
What are the prime factors of 1773?
3, 197
List the prime factors of 57851.
17, 41, 83
List the prime factors of 5871.
3, 19, 103
List the prime factors of 119765.
5, 17, 1409
What are the prime factors of 18822?
2, 3, 3137
What are the prime factors of 5405?
5, 23, 47
List the prime factors of 7379.
47, 157
List the prime factors of 5761.
7, 823
List the prime factors of 5521.
5521
List the prime factors of 2473.
2473
What are the prime factors of 14955?
3, 5, 997
List the prime factors of 23020.
2, 5, 1151
What are the prime factors of 538?
2, 269
List the prime factors of 38888.
2, 4861
List the prime factors of 7170.
2, 3, 5, 239
What are the prime factors of 1001?
7, 11, 13
What are the prime factors of 2307?
3, 769
What are the prime factors of 63161?
7, 1289
List the prime factors of 5040.
2, 3, 5, 7
What are the prime factors of 69748?
2, 7, 47, 53
What are the prime factors of 5018?
2, 13, 193
What are the prime factors of 267?
3, 89
What are the prime factors of 106868?
2, 26717
List the prime factors of 9889.
11, 29, 31
List the prime factors of 31.
31
List the prime factors of 9677.
9677
List the prime factors of 12354.
2, 3, 29, 71
List the prime factors of 4606.
2, 7, 47
List the prime factors of 17293.
17293
List the prime factors of 7495.
5, 1499
List the prime factors of 58545.
3, 5, 1301
List the prime factors of 27744.
2, 3, 17
What are the prime factors of 2018?
2, 1009
What are the prime factors of 1476?
2, 3, 41
List the prime factors of 702.
2, 3, 13
List the prime factors of 2152.
2, 269
List the prime factors of 3522.
2, 3, 587
List the prime factors of 57215.
5, 11443
List the prime factors of 14332.
2, 3583
List the prime factors of 1024.
2
List the prime factors of 32.
2
What are the prime factors of 56?
2, 7
List the prime factors of 1278.
2, 3, 71
What are the prime factors of 184732?
2, 46183
What are the prime factors of 370?
2, 5, 37
List the prime factors of 9557.
19, 503
List the prime factors of 49800.
2, 3, 5, 83
List the prime factors of 16982.
2, 7, 1213
List the prime factors of 14157.
3, 11, 13
What are the prime factors of 11258?
2, 13, 433
List the prime factors of 6909.
3, 7, 47
What are the prime factors of 2151?
3, 239
What are the prime factors of 730?
2, 5, 73
List the prime factors of 1809.
3, 67
What are the prime factors of 33456?
2, 3, 17, 41
What are the prime factors of 723?
3, 241
List the prime factors of 56058.
2, 3, 9343
What are the prime factors of 177730?
2, 5, 7, 2539
What are the prime factors of 10036?
2, 13, 193
What are the prime factors of 32219?
11, 29, 101
What are the prime factors of 2234?
2, 1117
List the prime factors of 361.
19
What are the prime factors of 96217?
11, 8747
List the prime factors of 2850.
2, 3, 5, 19
List the prime factors of 804.
2, 3, 67
What are the prime factors of 4639?
4639
List the prime factors of 10275.
3, 5, 137
List the prime factors of 1384.
2, 173
List the prime factors of 462.
2, 3, 7, 11
List the prime factors of 480.
2, 3, 5
List the prime factors of 105720.
2, 3, 5, 881
List the prime factors of 2117.
29, 73
List the prime factors of 14891.
14891
List the prime factors of 11260.
2, 5, 563
What are the prime factors of 46978?
2, 83, 283
List the prime factors of 31262.
2, 7, 11, 29
List the prime factors of 1694.
2, 7, 11
List the prime factors of 11337.
3, 3779
What are the prime factors of 4569?
3, 1523
List the prime factors of 10851.
3, 3617
List the prime factors of 23918.
2, 11959
List the prime factors of 40699.
40699
List the prime factors of 50445.
3, 5, 19, 59
List the prime factors of 941.
941
List the prime factors of 99.
3, 11
List the prime factors of 32337.
3, 3593
What are the prime factors of 5151?
3, 17, 101
What 